 k be u(i). Is (-6044)/(-5)*k - (-2)/(-10) a prime number?
False
Is ((17 - 89)/8)/((-6)/37342) a composite number?
True
Let p(z) = -71117*z - 157. Is p(-4) a composite number?
False
Let s = 1255 - 782. Let q = s + -66. Is q a composite number?
True
Is (-42)/1071 + (-739149)/(-153) a prime number?
True
Let d be 3*3147 - (-30)/(-5). Let q = 28538 - d. Is q a prime number?
False
Suppose -169*m + 2*y + 54199 = -164*m, 0 = 4*y - 12. Is m a composite number?
True
Let z be (-176)/28 - 10/(-35). Let u(a) = 62*a**3 + 4*a**2 + 4*a - 11. Let w(c) = 31*c**3 + 2*c**2 + 2*c - 6. Let x(y) = z*u(y) + 11*w(y). Is x(-1) composite?
False
Let h be (-1289 + -1)*5/(-15). Suppose -g - 3194 = -4*o + h, -2*o - 4*g + 1830 = 0. Is o a prime number?
True
Let n(a) = -49 + 7*a - 12*a - 29*a + 50. Let c be n(-17). Suppose 3*u - c = -2*i, 0*i - 3 = -i. Is u prime?
True
Let j(l) = 8*l**2 + 2*l - 2. Let u(m) = -m**3 + 2*m**2 + 16*m - 4. Let o be u(5). Let a be j(o). Suppose -2345 - 2831 = -a*s. Is s a composite number?
False
Let h be 66 + 2 - 5 - 4. Suppose h*w - 28*w = 103819. Is w prime?
False
Let w = 12 + -9. Suppose 0 = -w*l - 5*a + 4*a + 3424, 2*l = 5*a + 2277. Is l a composite number?
True
Is -20*(-8137917)/816*(-8)/(-6) a composite number?
True
Suppose 4 = -g + 2. Is g/(((-4)/(-1213))/(-2)) prime?
True
Suppose -3*y - 6*i - 30 = -7*i, -20 = 2*y + 4*i. Is (1 + (-204 - -2))/(9 + y) prime?
False
Let s(k) = -2165*k. Let l be s(-1). Suppose -l = -j - 162. Is j a prime number?
True
Let j(t) = -5*t**3 - 10*t**2 - t - 7. Let l(x) = -x**3 - x**2 - x - 1. Let m(d) = j(d) - 3*l(d). Let y be m(-4). Suppose y*k - 3979 = -375. Is k a prime number?
False
Let y(l) = -68*l + 35. Let u be y(-6). Suppose -107*f = -108*f + u. Is f composite?
False
Let d(p) = -26*p**2 - 1. Let h be d(-2). Let x be ((-1)/(-4))/(126/(-68544)). Let g = h - x. Is g a prime number?
True
Suppose 68*j = 63*j + 65. Suppose -20*s = -j*s - 41279. Is s a composite number?
False
Let l(i) = 4*i**2 + 63*i + 2209. Is l(-92) a composite number?
False
Let r(t) = 7*t**2 - 27*t + 53. Let q = 781 + -799. Is r(q) a composite number?
True
Let y(w) = 5*w + 83. Let j be y(-17). Is 13857 - (j + -1 - -1) a prime number?
True
Suppose 182566 + 93949 = 5*s. Is s prime?
False
Suppose 0 = -2*z - 12, -4*u + 5*z + 1631502 = -591236. Is u a composite number?
False
Suppose 6 + 9 = -3*u, 0 = -3*z + 2*u + 19. Let v(k) = -632*k - 21. Let w(c) = 316*c + 10. Let m(i) = z*v(i) + 5*w(i). Is m(-6) a prime number?
False
Let u = 204579 - -1431408. Is u a prime number?
False
Suppose -11*w = 12*w - 53015. Suppose -4413 = -2*a + w. Is a composite?
False
Let z be ((-8)/4 - -2)*1. Suppose 3*o - 2*n - 19104 = n, -5*o - 5*n + 31870 = z. Is o prime?
False
Let n(r) = -r + 7. Let s be n(3). Suppose 3*h + 3*c - 18774 = 0, -2*c + 24952 + 78 = s*h. Is h a composite number?
False
Let r(d) = -2549*d - 332. Is r(-21) composite?
False
Let g(a) = -a**3 + 18*a**2 + 102*a + 29. Is g(22) composite?
False
Suppose -12*v + 17*v - 42340 = -5*d, -8458 = -d + v. Suppose -c = -156*t + 157*t - d, 4*c - 33864 = -t. Is c a composite number?
False
Let q(i) = 6*i**3 - 47*i**2 + 516*i - 10. Is q(33) composite?
False
Let o be 3/(-6)*-18 - 2. Let b be 5 + (4 - 5) + o. Is 5*179 - (-11 + b) composite?
True
Suppose -13*p + 22 - 74 = 0. Is ((-5815)/10)/(2/p) a composite number?
False
Let a be -3*-3*136*(-4)/(-72). Suppose a - 3487 = -m. Is m a prime number?
False
Let f = -2106840 - -3083561. Is f prime?
True
Let y(i) = -14*i**2 + 38*i + 1. Let s(q) = -28*q**2 + 77*q. Let x(w) = 2*s(w) - 5*y(w). Is x(24) a prime number?
False
Suppose 0 = 3*l + 2*f - 717166 - 3587955, 24*l + 4*f - 34440908 = 0. Is l composite?
False
Let t(a) = -4*a - 12. Let n be t(-8). Let b = 23 + -18. Suppose 4*y - 3*x - 250 + 58 = 0, b*x - n = 0. Is y composite?
True
Let d = 344393 - -103110. Is d composite?
True
Suppose -3*m = 4*d, -2*d - m - 2 + 4 = 0. Suppose 4551 = -a + d*a + 3*p, 5*p = 2*a - 4543. Suppose -7*v = -5*v - a. Is v prime?
False
Let c(j) = 5*j**2 - 21*j + 539353. Is c(0) composite?
True
Let i(d) = 15*d**3 - 4*d**2 - 5*d - 9. Let m be i(15). Suppose 26*w = 23*w + m. Is w prime?
True
Suppose -3*p + h + h + 3 = 0, 0 = -3*h. Let w be 65716/24 + 1*p/(-6). Suppose 4*r - 2*z + 4*z = w, 3*r - 4*z - 2059 = 0. Is r composite?
True
Let k be ((-138488)/(-21))/((-8)/(-12)). Let f = k - -14215. Suppose 17*y = 13412 + f. Is y prime?
True
Is (20209/3)/((-98)/(-210)) a composite number?
True
Let x(o) = -o**3 - 21*o**2 + 24*o + 46. Let a be 12/36*198/(-3). Let k be x(a). Suppose 3*l - 3870 = -k*m - m, -5*l + 6457 = -2*m. Is l a composite number?
False
Suppose 0 = 4*d + q - 208152, -94*d + 98*d - q - 208144 = 0. Is d composite?
True
Suppose 8*w = 2380053 - 1167215 + 1250674. Is w a prime number?
True
Let i be ((25/10)/(-5))/((-1)/8). Suppose -2*g + 0*y + 7108 = 3*y, 4*g - 14196 = i*y. Is g a prime number?
False
Let z = 38551 + 300706. Is z a composite number?
False
Is ((-11246)/(-4))/(51/34)*9 a composite number?
True
Let z(m) = 22*m - 79. Let y(q) = -11*q + 16. Let k be y(-3). Let a = k + -25. Is z(a) a prime number?
True
Let i(s) = -79794*s - 2161. Is i(-1) a prime number?
False
Let x(t) = 1501*t + 10055. Is x(0) prime?
False
Let n = 11665 - -8938. Is n a composite number?
True
Let k = -176 - -173. Let f(m) = -125*m**3 - 6*m**2 - 11*m - 1. Is f(k) a composite number?
True
Let v(f) = 0*f**2 - 72*f + 74*f + 2*f**2. Let w be v(2). Let g(l) = 26*l - 17. Is g(w) composite?
True
Let a = -187222 - -409115. Is a prime?
False
Let j(y) = 698*y - 55. Suppose -6*u + 49 = -29. Is j(u) prime?
False
Let s be (129/(-172))/(3/(-16)). Suppose 18423 = 3*j - 2*k, 5*j + 6131 = 6*j - s*k. Is j a composite number?
False
Is (-2)/(-5)*(-65 + 70)*(-736798)/(-4) a prime number?
True
Suppose 10*n = -92 - 558. Let b = -69 - n. Is 2021*(0 - b)/4 composite?
True
Suppose 0 = 4*l - 43184 - 12768. Let n = -7485 + l. Is n prime?
False
Is 4264 + 12/84*-35 a prime number?
True
Suppose -2*c = 10*c + 16276 - 66304. Is c composite?
True
Let q be 2/((-2)/15*-3). Let n = 375 + -367. Suppose n*k - 3147 = q*k. Is k a prime number?
True
Let x(b) = 31*b**2 + 9*b - 79. Is x(-18) prime?
True
Let z = 770 + -763. Let p be 19838/4 - 2/4. Suppose 2062 = z*n - p. Is n a composite number?
True
Let x(k) = -12*k**3 + 9*k**2 + 11*k + 13. Let n(l) = 6*l**3 - 5*l**2 - 6*l - 6. Let i(p) = 11*n(p) + 6*x(p). Is i(-5) composite?
True
Let w = 158291 + -86218. Is w composite?
False
Suppose -4*q + b - 6*b - 716 = 0, -188 = q - b. Let m = -55 - q. Is m prime?
False
Let d(u) = -u**2 - 7*u + 2. Let z be d(-5). Let w(x) = -98*x - 13. Let f be w(z). Let g = f + 2004. Is g a composite number?
True
Let r(y) = 127*y**2 + 3*y - 14. Let a be r(5). Suppose 0 = 3*c - 1696 - a. Let v = c + -1107. Is v a prime number?
False
Let w = -34 - -43. Let d be ((-36)/27)/(2/w). Let h(r) = -2*r**3 + 7*r**2 + 9*r + 1. Is h(d) prime?
True
Suppose 200 + 628 = -12*n. Let x = n - -85. Suppose -x*i + 14*i = -230. Is i prime?
False
Let w be (-11 - 247/(-26))*14451*-2. Suppose 7*r - w = -2*r. Is r prime?
True
Let k(x) = -x - 6. Let r be k(-8). Suppose -2501 = -g - r*z, -5*z = 18 + 2. Suppose s = -5*c + 1539, -s + g - 930 = -5*c. Is s prime?
True
Let h = -27 - -121. Suppose -2*o - h - 10 = 0. Let k = 77 + o. Is k a composite number?
True
Let v be (-45)/(-7) + (-6)/14. Suppose 0*d = v*d - 24. Suppose -399 = -o - d*u, -2*u - 2*u + 20 = 0. Is o composite?
False
Suppose 5*s - 4*m + 7*m = -137811, -5*s = -m + 137803. Let u = s - -39390. Is u a composite number?
True
Let n = -128 + 93. Let p = -30 - n. Suppose -584 = -p*q + 3*x, 0*x = q + 2*x - 109. Is q a prime number?
False
Let t = 1950 + -1108. Let i = t + 1595. Is i a prime number?
True
Suppose -57609 = -6*b - 3*b. Is b a composite number?
True
Let g(s) be the third derivative of -29*s**6/360 - s**5/40 - 13*s**4/24 - 6*s**2. Let q(c) be the second derivative of g(c). Is q(-1) composite?
True
Let k = 56487 + -32200. Is k a composite number?
True
Let y = -26337 + 94478. Is y a composite number?
False
Suppose 0*j = 7*j + 54*j - 16897183. Is j composite?
False
Let t be (-17)/4*1 + 1/4. Let m be (t/6)/(-1*1/81288). Is m/80 - 4/10 prime?
True
Suppose 6*l - 4*i = -7*i + 1411545, 2*i + 235245 = l. Is l prime?
False
Suppose 16360*d - 16458*d = -41179306. Is d prime?
False
Let 